{"id":627,"date":"2012-04-30T09:20:08","date_gmt":"2012-04-30T09:20:08","guid":{"rendered":"http:\/\/www.ecoisraeltours.com\/spanish\/?page_id=627"},"modified":"2016-09-29T23:12:05","modified_gmt":"2016-09-29T23:12:05","slug":"quienes-somos","status":"publish","type":"page","link":"https:\/\/www.ecoisraeltours.com\/spanish\/quienes-somos\/","title":{"rendered":"Quienes Somos"},"content":{"rendered":"<p style=\"text-align: justify;\">Eco Israel Tours ofrece a los visitantes a Israel la oportunidad de salir de la t\u00edpica ruta tur\u00edstica y experimentar un parte de Israel rara vez vista por visitantes y estudiantes. Nosotros lo exponemos directamente con la naturaleza y belleza de Israel as\u00ed como con el estilo y ritmo de su cultura de innovaci\u00f3n.<\/p>\n<p style=\"text-align: justify;\">A pesar de sus desaf\u00edos, Israel es un l\u00edder global en la soluci\u00f3n de problemas ambientales. Eco Israel Tours provee una experiencia interactiva y din\u00e1mica de este apasionante mundo dentro de Israel mediante la exploraci\u00f3n de desaf\u00edos contempor\u00e1neos y soluciones tales como el agua y la energ\u00eda. Ofrecemos una amplia gama de paquetes de tours ecol\u00f3gicos a lo largo de Israel con tres tipos principales de programas:<\/p>\n<ul>\n<li style=\"text-align: justify;\">Espacios naturales<\/li>\n<li style=\"text-align: justify;\">Espacios de Innovaci\u00f3n Ecol\u00f3gica<\/li>\n<li style=\"text-align: justify;\">Eco voluntariado<\/li>\n<\/ul>\n<p style=\"text-align: center;\"><strong>Mapa de los tours en Israel:<\/strong><\/p>\n<p><a href=\"http:\/\/www.ecoisraeltours.com\/spanish\/about-us\/web_mapecotours\/\" rel=\"attachment wp-att-741\"><img decoding=\"async\" class=\"aligncenter size-full wp-image-741\" title=\"web_mapecotours\" src=\"http:\/\/www.ecoisraeltours.com\/spanish\/wp-content\/uploads\/2011\/11\/web_mapecotours.gif\" alt=\"\" width=\"827\" height=\"1169\" srcset=\"https:\/\/www.ecoisraeltours.com\/spanish\/wp-content\/uploads\/2011\/11\/web_mapecotours.gif 827w, https:\/\/www.ecoisraeltours.com\/spanish\/wp-content\/uploads\/2011\/11\/web_mapecotours-212x300.gif 212w, https:\/\/www.ecoisraeltours.com\/spanish\/wp-content\/uploads\/2011\/11\/web_mapecotours-724x1024.gif 724w, https:\/\/www.ecoisraeltours.com\/spanish\/wp-content\/uploads\/2011\/11\/web_mapecotours-63x90.gif 63w\" sizes=\"(max-width: 827px) 100vw, 827px\" \/><\/a><\/p>\n<p style=\"margin-bottom: 5px; margin-top: 10px; text-align: justify;\"><strong>Proveemos a nuestros clientes con los siguientes servicios para tours de diversos presupuestos desde los m\u00e1s econ\u00f3micos hasta VIP:<\/strong><\/p>\n<ul style=\"text-align: justify;\">\n<li>todas las categor\u00edas de alojamiento, incluyendo hoteles, casa de hu\u00e9spedes campestres, bed and breakfasts, y campamentos.<\/li>\n<li>Transporte por aire, tierra, y mar.<\/li>\n<li>Tours regulares o personalizados<\/li>\n<\/ul>\n<p>&nbsp;<\/p>\n<p style=\"text-align: justify;\">Para mayor informaci\u00f3n o para inscribirse en un tour contacte al director de Eco Israel Tours Marcos Cohen, a 972-58-677-4915 (Israel), o llene nuestra forma en Internet <a href=\"http:\/\/www.ecoisraeltours.com\/spanish\/?page_id=24\">aqu\u00ed.<\/a><\/p>\n<p><em><span style=\"font-size: 14px;\">Eco Israel Tours es una rama del <a title=\"The Interfaith Center for Sustainable Development\" href=\"http:\/\/www.interfaithsustain.com\" target=\"_blank\">Centro Interreligioso para el Desarrollo Sustentable<\/a>.<\/span><\/em><\/p>\n","protected":false},"excerpt":{"rendered":"<p>Eco Israel Tours ofrece a los visitantes a Israel la oportunidad de salir de la t\u00edpica ruta tur\u00edstica y experimentar un parte de Israel rara vez vista por visitantes y estudiantes. Nosotros lo exponemos directamente con la naturaleza y belleza de Israel as\u00ed como con el estilo y ritmo de su cultura de innovaci\u00f3n. A&#8230;<\/p>\n","protected":false},"author":5,"featured_media":0,"parent":0,"menu_order":0,"comment_status":"open","ping_status":"open","template":"templates\/fullwidth.php","meta":{"ngg_post_thumbnail":0,"_kad_post_transparent":"","_kad_post_title":"","_kad_post_layout":"","_kad_post_sidebar_id":"","_kad_post_content_style":"","_kad_post_vertical_padding":"","_kad_post_feature":"","_kad_post_feature_position":"","_kad_post_header":false,"_kad_post_footer":false,"_kad_post_classname":"","footnotes":""},"class_list":["post-627","page","type-page","status-publish","hentry"],"aioseo_notices":[],"_links":{"self":[{"href":"https:\/\/www.ecoisraeltours.com\/spanish\/wp-json\/wp\/v2\/pages\/627","targetHints":{"allow":["GET"]}}],"collection":[{"href":"https:\/\/www.ecoisraeltours.com\/spanish\/wp-json\/wp\/v2\/pages"}],"about":[{"href":"https:\/\/www.ecoisraeltours.com\/spanish\/wp-json\/wp\/v2\/types\/page"}],"author":[{"embeddable":true,"href":"https:\/\/www.ecoisraeltours.com\/spanish\/wp-json\/wp\/v2\/users\/5"}],"replies":[{"embeddable":true,"href":"https:\/\/www.ecoisraeltours.com\/spanish\/wp-json\/wp\/v2\/comments?post=627"}],"version-history":[{"count":7,"href":"https:\/\/www.ecoisraeltours.com\/spanish\/wp-json\/wp\/v2\/pages\/627\/revisions"}],"predecessor-version":[{"id":1447,"href":"https:\/\/www.ecoisraeltours.com\/spanish\/wp-json\/wp\/v2\/pages\/627\/revisions\/1447"}],"wp:attachment":[{"href":"https:\/\/www.ecoisraeltours.com\/spanish\/wp-json\/wp\/v2\/media?parent=627"}],"curies":[{"name":"wp","href":"https:\/\/api.w.org\/{rel}","templated":true}]}}