{"id":1430,"date":"2016-08-24T22:19:07","date_gmt":"2016-08-24T22:19:07","guid":{"rendered":"http:\/\/www.ecoisraeltours.com\/spanish\/?page_id=1430"},"modified":"2016-08-24T22:22:33","modified_gmt":"2016-08-24T22:22:33","slug":"equipo","status":"publish","type":"page","link":"https:\/\/www.ecoisraeltours.com\/spanish\/equipo\/","title":{"rendered":"Equipo"},"content":{"rendered":"<p style=\"text-align: justify;\"><strong>Rabino Yonatan Neril \u2013 Fundador y Director Ejecutivo <\/strong><br \/>\nYonatan Neril recibi\u00f3 su ordinaci\u00f3n rab\u00ednica de la Yeshivat Hamivtar en Israel y una Maestr\u00eda (MA) y un pregrado (BA) de la Universidad de Stanford donde se enfoco en asuntos ambientales globales. El habl\u00f3 sobre la religi\u00f3n y el ambiente en la conferencia interreligiosa en Atenas organizada por el Eco-F\u00f3rum Interreligioso en Israel. Neril es el autor principal y editor general de Eitz Chaim Hee, una publicaci\u00f3n de ense\u00f1anzas semanales sobre \u00e9tica ambiental Jud\u00eda. Neril vive con su esposa Shana, y dos hijos en Jerusal\u00e9m.<\/p>\n<p style=\"text-align: justify;\"><strong>Marcos Cohen, Subdirector<\/strong><br \/>\nMarcos es Arquitecto Urbanista egresado de la Universidad Iberoamericana en la Ciudad de M\u00e9xico, y Maestro en Estudios Ambientales por la Universidad de Tel Aviv en Israel, con especializaci\u00f3n en zonas \u00e1ridas. Es fundador y co-director de CUA (Colectivo Urbano Ambiental), una plataforma internacional de profesionales que tienen como objetivo promover, coordinar, implementar y operar sistemas ambientales a trav\u00e9s de planeaci\u00f3n urbana y arquitectura. Tambi\u00e9n fund\u00f3 Global Woods, una empresa dedicada a la comercializaci\u00f3n de madera certificada, por las organizaciones FSC, LEED y Global Relief. Trabaj\u00f3 como director de proyectos para CAPA Lab, Think Tank enfocado en la generaci\u00f3n de propuestas de desarrollo urbano sostenible para la zona de la pen\u00ednsula de Baja California Sur, M\u00e9xico. Ha impartido seminarios sobre Proyectos Urbanos en la Universidad Iberoamericana. Actualmente vie con su esposa y sus dos hijos en Jerusalem, donde estudia Tor\u00e1, explora diferentes ecosistemas a trav\u00e9s de carreras de monta\u00f1a, y pr\u00e1ctica Chi Kung.<\/p>\n","protected":false},"excerpt":{"rendered":"<p>Rabino Yonatan Neril \u2013 Fundador y Director Ejecutivo Yonatan Neril recibi\u00f3 su ordinaci\u00f3n rab\u00ednica de la Yeshivat Hamivtar en Israel y una Maestr\u00eda (MA) y un pregrado (BA) de la Universidad de Stanford donde se enfoco en asuntos ambientales globales. El habl\u00f3 sobre la religi\u00f3n y el ambiente en la conferencia interreligiosa en Atenas organizada&#8230;<\/p>\n","protected":false},"author":5,"featured_media":0,"parent":0,"menu_order":0,"comment_status":"closed","ping_status":"closed","template":"templates\/fullwidth.php","meta":{"ngg_post_thumbnail":0,"_kad_post_transparent":"","_kad_post_title":"","_kad_post_layout":"","_kad_post_sidebar_id":"","_kad_post_content_style":"","_kad_post_vertical_padding":"","_kad_post_feature":"","_kad_post_feature_position":"","_kad_post_header":false,"_kad_post_footer":false,"_kad_post_classname":"","footnotes":""},"class_list":["post-1430","page","type-page","status-publish","hentry"],"aioseo_notices":[],"_links":{"self":[{"href":"https:\/\/www.ecoisraeltours.com\/spanish\/wp-json\/wp\/v2\/pages\/1430","targetHints":{"allow":["GET"]}}],"collection":[{"href":"https:\/\/www.ecoisraeltours.com\/spanish\/wp-json\/wp\/v2\/pages"}],"about":[{"href":"https:\/\/www.ecoisraeltours.com\/spanish\/wp-json\/wp\/v2\/types\/page"}],"author":[{"embeddable":true,"href":"https:\/\/www.ecoisraeltours.com\/spanish\/wp-json\/wp\/v2\/users\/5"}],"replies":[{"embeddable":true,"href":"https:\/\/www.ecoisraeltours.com\/spanish\/wp-json\/wp\/v2\/comments?post=1430"}],"version-history":[{"count":4,"href":"https:\/\/www.ecoisraeltours.com\/spanish\/wp-json\/wp\/v2\/pages\/1430\/revisions"}],"predecessor-version":[{"id":1433,"href":"https:\/\/www.ecoisraeltours.com\/spanish\/wp-json\/wp\/v2\/pages\/1430\/revisions\/1433"}],"wp:attachment":[{"href":"https:\/\/www.ecoisraeltours.com\/spanish\/wp-json\/wp\/v2\/media?parent=1430"}],"curies":[{"name":"wp","href":"https:\/\/api.w.org\/{rel}","templated":true}]}}