{"id":1296,"date":"2016-01-24T11:50:36","date_gmt":"2016-01-24T11:50:36","guid":{"rendered":"http:\/\/www.ecoisraeltours.com\/spanish\/?page_id=1296"},"modified":"2016-04-13T14:21:54","modified_gmt":"2016-04-13T14:21:54","slug":"problemas-ecologicos-de-jerusalem","status":"publish","type":"page","link":"https:\/\/www.ecoisraeltours.com\/spanish\/problemas-ecologicos-de-jerusalem\/","title":{"rendered":"Problemas Ecologicos de Jerusalem"},"content":{"rendered":"<p><strong>Rese\u00f1a del Programa:<\/strong><\/p>\n<p>Los participantes ver\u00e1n y aprender\u00e1n acerca de los desaf\u00edos y \u00e9xitos ambientales en la bulliciosa y moderna ciudad\u00a0de Jerusalem.\u00a0Caminaran a varios sitios por el centro de Jerusalem, tales como los jardines comunitarios, y el observatorio de aves, mientras que ven el desarrollo de los proyectos de transporte publico, edificios, y aprenden sobre su impacto.<\/p>\n<p>Entre el \u00e9xito ambiental de la Jerusalem moderna esta la preservaci\u00f3n de los bosques del &#8216;cintur\u00f3n verde&#8217; al rededor de la ciudad y la introducci\u00f3n de un sistema de tren ligero en 2011. Sin embargo, una serie de cuestiones ambientales presentan importantes desaf\u00edos para los habitantes de Jerusalem, desde la contaminaci\u00f3n del aire hasta la\u00a0perdida de especies por la expansi\u00f3n urbana.<\/p>\n<p><strong>Ubicaciones:<\/strong>\u00a0Empezando cerca de la estacion central de colectivos, avanzando a traves de la ciudad y terminando en el parque publico y espacio verde mas grande de Jerusalem,\u00a0Sacher Park.<\/p>\n<p><strong>Tiempo<\/strong>: Dos horas, no excluye el tiempo de viaje desde y hasta el sitio.<\/p>\n<p><strong>Horarios del programa:<\/strong><\/p>\n<p>0:00-0:20 Presentaci\u00f3n;<br \/>\n0:20-0:30 Paseo por la estaci\u00f3n de tren de alta velocidad y el complejo lujoso de departamentos y aprenda acerca de su esperado\u00a0impacto en la ciudad.<br \/>\n0:30-0:45 Visita al Observatorio de Aves de Jerusalem, un refugio urbano para aves locales y migratorias.<br \/>\n0:45-1:00 Paseo a trav\u00e9s del bosque y aprender acerca de los arboles nativos y plantados y su gran importancia en la ciudad.<br \/>\n1:00-1:30 Visita a una planta recicladora y aprender acerca del progreso que ha tenido la ciudad durante los \u00faltimos a\u00f1os. Luego vamos a un jard\u00edn de la comunidad local.<br \/>\n1:30-2:00 Aprendizaje en grupo y exploraci\u00f3n interactiva en el Sacher Park acerca de textos basados en la fe relacionados a los desaf\u00edos ambientales contempor\u00e1neos en Jerusalem.<\/p>\n<ul>\n<li>Vea mas en: http:\/\/www.ecoisraeltours.com\/jerusalems-ecological-issues\/<\/li>\n<\/ul>\n","protected":false},"excerpt":{"rendered":"<p>Rese\u00f1a del Programa: Los participantes ver\u00e1n y aprender\u00e1n acerca de los desaf\u00edos y \u00e9xitos ambientales en la bulliciosa y moderna ciudad\u00a0de Jerusalem.\u00a0Caminaran a varios sitios por el centro de Jerusalem, tales como los jardines comunitarios, y el observatorio de aves, mientras que ven el desarrollo de los proyectos de transporte publico, edificios, y aprenden sobre&#8230;<\/p>\n","protected":false},"author":5,"featured_media":0,"parent":0,"menu_order":0,"comment_status":"closed","ping_status":"closed","template":"templates\/fullwidth.php","meta":{"ngg_post_thumbnail":0,"_kad_post_transparent":"","_kad_post_title":"","_kad_post_layout":"","_kad_post_sidebar_id":"","_kad_post_content_style":"","_kad_post_vertical_padding":"","_kad_post_feature":"","_kad_post_feature_position":"","_kad_post_header":false,"_kad_post_footer":false,"_kad_post_classname":"","footnotes":""},"class_list":["post-1296","page","type-page","status-publish","hentry"],"aioseo_notices":[],"_links":{"self":[{"href":"https:\/\/www.ecoisraeltours.com\/spanish\/wp-json\/wp\/v2\/pages\/1296","targetHints":{"allow":["GET"]}}],"collection":[{"href":"https:\/\/www.ecoisraeltours.com\/spanish\/wp-json\/wp\/v2\/pages"}],"about":[{"href":"https:\/\/www.ecoisraeltours.com\/spanish\/wp-json\/wp\/v2\/types\/page"}],"author":[{"embeddable":true,"href":"https:\/\/www.ecoisraeltours.com\/spanish\/wp-json\/wp\/v2\/users\/5"}],"replies":[{"embeddable":true,"href":"https:\/\/www.ecoisraeltours.com\/spanish\/wp-json\/wp\/v2\/comments?post=1296"}],"version-history":[{"count":3,"href":"https:\/\/www.ecoisraeltours.com\/spanish\/wp-json\/wp\/v2\/pages\/1296\/revisions"}],"predecessor-version":[{"id":1335,"href":"https:\/\/www.ecoisraeltours.com\/spanish\/wp-json\/wp\/v2\/pages\/1296\/revisions\/1335"}],"wp:attachment":[{"href":"https:\/\/www.ecoisraeltours.com\/spanish\/wp-json\/wp\/v2\/media?parent=1296"}],"curies":[{"name":"wp","href":"https:\/\/api.w.org\/{rel}","templated":true}]}}